{"id":4,"date":"2017-09-04T13:42:36","date_gmt":"2017-09-04T12:42:36","guid":{"rendered":"https:\/\/about.rte.ie\/contact\/?page_id=4"},"modified":"2026-03-23T14:57:46","modified_gmt":"2026-03-23T14:57:46","slug":"contact-details","status":"publish","type":"page","link":"https:\/\/about.rte.ie\/contact\/contact-details\/","title":{"rendered":"Contact Details"},"content":{"rendered":"<div id=\"pl-4\"  class=\"panel-layout\" ><div id=\"pg-4-0\"  class=\"panel-grid panel-no-style\" ><div id=\"pgc-4-0-0\"  class=\"panel-grid-cell\" ><div id=\"panel-4-0-0-0\" class=\"so-panel widget widget_sow-headline panel-first-child panel-last-child\" data-index=\"0\" ><div\n\t\t\t\n\t\t\tclass=\"so-widget-sow-headline so-widget-sow-headline-default-6f3c4ab8f8ce-4\"\n\t\t\t\n\t\t><div class=\"sow-headline-container \">\n\t\t\t\t\t\t\t<h4 class=\"sow-headline\">\n\t\t\t\t\t\tRT\u00c9 Studios and Offices\t\t\t\t\t\t<\/h4>\n\t\t\t\t\t\t<\/div>\n<\/div><\/div><\/div><\/div><div id=\"pg-4-1\"  class=\"panel-grid panel-no-style\" ><div id=\"pgc-4-1-0\"  class=\"panel-grid-cell\" ><div id=\"panel-4-1-0-0\" class=\"so-panel widget widget_text panel-first-child\" data-index=\"1\" ><div class=\"contact-widget panel-widget-style panel-widget-style-for-4-1-0-0\" ><h3 class=\"widget-title\">RT\u00c9 Head Office<\/h3>\t\t\t<div class=\"textwidget\"><p>RT\u00c9,<br \/>\nDonnybrook,<br \/>\nDublin 4<\/p>\n<p>Eircode D04 H2K8 (Stage 7) | D04 FD39 (Distribution Services)<\/p>\n<p>P: (01) 2083111<br \/>\nF: (01) 2083080<\/p>\n<p>E:\u00a0RT\u00c9 staff e-mails use the following formula:\u00a0<a href=\"http:\/\/www.rte.ie\/about\/en\/information-and-feedback\/contact-rte\/2012\/0220\/290072-contact-information\/#\">firstname.surname@rte.ie<\/a>\u00a0eg.\u00a0<a href=\"http:\/\/www.rte.ie\/about\/en\/information-and-feedback\/contact-rte\/2012\/0220\/290072-contact-information\/#\">joe.bloggs@rte.ie<\/a><\/p>\n<\/div>\n\t\t<\/div><\/div><div id=\"panel-4-1-0-1\" class=\"so-panel widget widget_text panel-last-child\" data-index=\"2\" ><div class=\"contact-widget panel-widget-style panel-widget-style-for-4-1-0-1\" ><h3 class=\"widget-title\">RT\u00c9 Information Office<\/h3>\t\t\t<div class=\"textwidget\"><p>The RT\u00c9 Information Office staff are there to answer any general questions you may have about RT\u00c9\u2019s programming and services. The office welcomes comment and feedback. If you wish to call outside of office hours, you are welcome to leave a voice message and your call will be returned on the next working day.<\/p>\n<h3 class=\"widget-title\">Contact Details<\/h3>\n<p>P: (01) 2083434<br \/>\nE: info@rte.ie<\/p>\n<\/div>\n\t\t<\/div><\/div><\/div><div id=\"pgc-4-1-1\"  class=\"panel-grid-cell panel-grid-cell-empty panel-grid-cell-mobile-last\" ><\/div><div id=\"pgc-4-1-2\"  class=\"panel-grid-cell panel-grid-cell-empty\" ><\/div><\/div><div id=\"pg-4-2\"  class=\"panel-grid panel-no-style\" ><div id=\"pgc-4-2-0\"  class=\"panel-grid-cell\" ><div id=\"panel-4-2-0-0\" class=\"so-panel widget widget_text panel-first-child\" data-index=\"3\" ><h3 class=\"widget-title\">Map<\/h3>\t\t\t<div class=\"textwidget\"><p><iframe src=\"https:\/\/maps.google.com\/maps?q=53.315121,-6.223454&amp;num=1&amp;sll=53.313752,-6.222739&amp;sspn=0.013333,0.032015&amp;hl=en&amp;ie=UTF8&amp;source=embed&amp;t=m&amp;z=14&amp;ll=53.314724,-6.221008&amp;output=embed\" width=\"100%\" frameborder=\"0\" marginwidth=\"0\" marginheight=\"0\" scrolling=\"no\"><\/iframe><\/p>\n<\/div>\n\t\t<\/div><div id=\"panel-4-2-0-1\" class=\"so-panel widget widget_sow-headline panel-last-child\" data-index=\"4\" ><div\n\t\t\t\n\t\t\tclass=\"so-widget-sow-headline so-widget-sow-headline-default-6f3c4ab8f8ce-4\"\n\t\t\t\n\t\t><div class=\"sow-headline-container \">\n\t\t\t\t\t\t\t<h4 class=\"sow-headline\">\n\t\t\t\t\t\tRT\u00c9 Regional Studios\t\t\t\t\t\t<\/h4>\n\t\t\t\t\t\t<\/div>\n<\/div><\/div><\/div><\/div><div id=\"pg-4-3\"  class=\"panel-grid panel-no-style\" ><div id=\"pgc-4-3-0\"  class=\"panel-grid-cell\" ><div id=\"panel-4-3-0-0\" class=\"so-panel widget widget_text panel-first-child\" data-index=\"5\" ><div class=\"contact-widget panel-widget-style panel-widget-style-for-4-3-0-0\" ><h3 class=\"widget-title\">RT\u00c9 Midlands Regional Studio<\/h3>\t\t\t<div class=\"textwidget\"><div class=\"x_elementToProof\">\n<div class=\"x_elementToProof\"><span data-olk-copy-source=\"MessageBody\">RT\u00c9 Midlands Regional Studio\u00a0<\/span><\/div>\n<div id=\"x_Signature\">\n<div class=\"x_elementToProof\">Unit 6,<\/div>\n<div class=\"x_elementToProof\">Block B,<\/div>\n<div class=\"x_elementToProof\">Daneswell Business Centre,<\/div>\n<div class=\"x_elementToProof\">Monksland,<\/div>\n<div class=\"x_elementToProof\">Athlone,<\/div>\n<div class=\"x_elementToProof\">Co. Roscommon<\/div>\n<div class=\"x_elementToProof\">Eircode: N37FT82<\/div>\n<\/div>\n<\/div>\n<div class=\"x_elementToProof\">E:\u00a0<a id=\"LPlnkOWA69b71fef-9936-9a0d-b523-084051dbd762\" class=\"x_OWAAutoLink\" href=\"mailto:athlone@rte.ie\" data-loopstyle=\"linkonly\" data-linkindex=\"0\">athlone@rte.ie<\/a><\/div>\n<\/div>\n\t\t<\/div><\/div><div id=\"panel-4-3-0-1\" class=\"so-panel widget widget_text\" data-index=\"6\" ><div class=\"contact-widget panel-widget-style panel-widget-style-for-4-3-0-1\" ><h3 class=\"widget-title\">RT\u00c9 Southern Regional Studio<\/h3>\t\t\t<div class=\"textwidget\"><p>RT\u00c9\u00a0Cork<br \/>\nFr. Mathew St.<br \/>\nCork<br \/>\nP: (021) 4805805<br \/>\nF: (021) 4273829<br \/>\nE:\u00a0<a href=\"mailto:cork@rte.ie\" target=\"_blank\" rel=\"noopener\">cork@rte.ie<\/a><\/p>\n<\/div>\n\t\t<\/div><\/div><div id=\"panel-4-3-0-2\" class=\"so-panel widget widget_text\" data-index=\"7\" ><div class=\"contact-widget panel-widget-style panel-widget-style-for-4-3-0-2\" ><h3 class=\"widget-title\">RT\u00c9 North East Regional Studio<\/h3>\t\t\t<div class=\"textwidget\"><p>Unit 10 Regional Development Centre<br \/>\nDundalk Institute of Technology<br \/>\nDublin Road<br \/>\nDundalk<br \/>\nCo. Louth<br \/>\nP: (042) 9338414<br \/>\nF: (042) 9389388<br \/>\nE:\u00a0<a href=\"mailto:northeast@rte.ie\">northeast@rte.ie<\/a><\/p>\n<\/div>\n\t\t<\/div><\/div><div id=\"panel-4-3-0-3\" class=\"so-panel widget widget_text\" data-index=\"8\" ><div class=\"contact-widget panel-widget-style panel-widget-style-for-4-3-0-3\" ><h3 class=\"widget-title\">RT\u00c9 North West Regional Studio<\/h3>\t\t\t<div class=\"textwidget\"><p>Finisklin Industrial Estate<br \/>\nSligo<br \/>\nP: (071) 9162555<br \/>\nF: (071) 9169356<br \/>\nE:\u00a0<a href=\"mailto:sligo@rte.ie\" target=\"_blank\" rel=\"noopener\">sligo@rte.ie<\/a><\/p>\n<\/div>\n\t\t<\/div><\/div><div id=\"panel-4-3-0-4\" class=\"so-panel widget widget_text\" data-index=\"9\" ><div class=\"contact-widget panel-widget-style panel-widget-style-for-4-3-0-4\" ><h3 class=\"widget-title\">Nuacht\u2008RT\u00c9<\/h3>\t\t\t<div class=\"textwidget\"><p>Baile na hAbhann,<br \/>\nConamara,<br \/>\nCo. Na Gaillimhe<br \/>\nP: (091) 505 067<br \/>\nF: (091) 505 005<\/p>\n<\/div>\n\t\t<\/div><\/div><div id=\"panel-4-3-0-5\" class=\"so-panel widget widget_text\" data-index=\"10\" ><div class=\"contact-widget panel-widget-style panel-widget-style-for-4-3-0-5\" ><h3 class=\"widget-title\">RT\u00c9 Raidi\u00f3 na Gaeltachta &#8211; Baile na nGall<\/h3>\t\t\t<div class=\"textwidget\"><p>Tr\u00e1 L\u00ed<br \/>\nCo. Chiarra\u00ed<br \/>\nP: +353 66 9155114<\/p>\n<\/div>\n\t\t<\/div><\/div><div id=\"panel-4-3-0-6\" class=\"so-panel widget widget_text\" data-index=\"11\" ><div class=\"contact-widget panel-widget-style panel-widget-style-for-4-3-0-6\" ><h3 class=\"widget-title\">RT\u00c9 Brussels<\/h3>\t\t\t<div class=\"textwidget\"><p>Avenue du Diamant<br \/>\n95, 1030 Brussels<br \/>\nBelgium<br \/>\nP: (00322) 7353349<br \/>\nF: (00322) 7357621<br \/>\nE:\u00a0<a href=\"mailto:foreign@rte.ie\">foreign@rte.ie<\/a><\/p>\n<\/div>\n\t\t<\/div><\/div><div id=\"panel-4-3-0-7\" class=\"so-panel widget widget_text panel-last-child\" data-index=\"12\" ><div class=\"contact-widget panel-widget-style panel-widget-style-for-4-3-0-7\" ><h3 class=\"widget-title\">RT\u00c9 London<\/h3>\t\t\t<div class=\"textwidget\"><div class=\"x_elementToProof\">RT\u00c9 News<br \/>\nOffice 1.05,<br \/>\nTintagel House,<br \/>\n92 Albert Embankment,<br \/>\nLondon,<br \/>\nSE17TY.<\/div>\n<div class=\"x_elementToProof\">Tel: +44 (0) 20 3051 8640<\/div>\n<\/div>\n\t\t<\/div><\/div><\/div><div id=\"pgc-4-3-1\"  class=\"panel-grid-cell\" ><div id=\"panel-4-3-1-0\" class=\"so-panel widget widget_text panel-first-child\" data-index=\"13\" ><div class=\"contact-widget panel-widget-style panel-widget-style-for-4-3-1-0\" ><h3 class=\"widget-title\">RT\u00c9 Northern Ireland<\/h3>\t\t\t<div class=\"textwidget\"><p>Centrepoint<br \/>\n24 Ormeau Avenue<br \/>\nBT2 8hs<br \/>\nP: (048) 9032 6441<br \/>\nF: (048) 9033 2222<br \/>\nE:\u00a0<a href=\"mailto:newsbelfast@rte.ie\" target=\"_blank\" rel=\"noopener\">newsbelfast@rte.ie<\/a><\/p>\n<\/div>\n\t\t<\/div><\/div><div id=\"panel-4-3-1-1\" class=\"so-panel widget widget_text\" data-index=\"14\" ><div class=\"contact-widget panel-widget-style panel-widget-style-for-4-3-1-1\" ><h3 class=\"widget-title\">RT\u00c9 Western Regional Studio<\/h3>\t\t\t<div class=\"textwidget\"><div>Cluain Mhuire<\/div>\n<div>Wellpark Road<\/div>\n<div>Galway<\/div>\n<div>H91 HKP8<\/div>\n<div>Tel: 091 768701<\/div>\n<div>Email: galway@rte.ie<\/div>\n<p>&nbsp;<\/p>\n<\/div>\n\t\t<\/div><\/div><div id=\"panel-4-3-1-2\" class=\"so-panel widget widget_text\" data-index=\"15\" ><div class=\"contact-widget panel-widget-style panel-widget-style-for-4-3-1-2\" ><h3 class=\"widget-title\">RT\u00c9 Mid-West Regional Studio<\/h3>\t\t\t<div class=\"textwidget\"><p>Cornmarket Sq.<br \/>\nDenmark St.<br \/>\nLimerick<br \/>\nP: (061) 410222<br \/>\nF: (061) 310223<br \/>\nE:\u00a0<a href=\"mailto:limerick@rte.ie\" target=\"_blank\" rel=\"noopener\">limerick@rte.ie<\/a><\/p>\n<\/div>\n\t\t<\/div><\/div><div id=\"panel-4-3-1-3\" class=\"so-panel widget widget_text\" data-index=\"16\" ><div class=\"contact-widget panel-widget-style panel-widget-style-for-4-3-1-3\" ><h3 class=\"widget-title\">RT\u00c9 South East Regional Studio<\/h3>\t\t\t<div class=\"textwidget\"><div data-olk-copy-source=\"MessageBody\">RTE South East Regional Studio,<\/div>\n<div>Carriganore House,<\/div>\n<div>S.E.T.U. West Campus,<\/div>\n<div>Waterford.<\/div>\n<div>X91K236<\/div>\n<div><\/div>\n<div>Email: <span data-olk-copy-source=\"MessageBody\">waterford@rte.ie<\/span><\/div>\n<\/div>\n\t\t<\/div><\/div><div id=\"panel-4-3-1-4\" class=\"so-panel widget widget_text\" data-index=\"17\" ><div class=\"contact-widget panel-widget-style panel-widget-style-for-4-3-1-4\" ><h3 class=\"widget-title\">RT\u00c9 Raidi\u00f3 na Gaeltachta &#8211; Casla<\/h3>\t\t\t<div class=\"textwidget\"><p>Casla,<br \/>\nConamara,<br \/>\nGaillimh.<br \/>\nP: +353 91 506677<\/p>\n<\/div>\n\t\t<\/div><\/div><div id=\"panel-4-3-1-5\" class=\"so-panel widget widget_text\" data-index=\"18\" ><div class=\"contact-widget panel-widget-style panel-widget-style-for-4-3-1-5\" ><h3 class=\"widget-title\">RT\u00c9 Raidi\u00f3 na Gaeltachta &#8211; Doir\u00ed Beaga<\/h3>\t\t\t<div class=\"textwidget\"><p>Leitir Ceanainn<br \/>\nCo. Dh\u00fan na nGall<br \/>\nP: +353 74 9531244<\/p>\n<\/div>\n\t\t<\/div><\/div><div id=\"panel-4-3-1-6\" class=\"so-panel widget widget_text panel-last-child\" data-index=\"19\" ><div class=\"contact-widget panel-widget-style panel-widget-style-for-4-3-1-6\" ><h3 class=\"widget-title\">RT\u00c9 Washington<\/h3>\t\t\t<div class=\"textwidget\"><p>RT\u00c9 News,<br \/>\n2000 M Street Nw,<br \/>\nSuite 315,<br \/>\nWashington DC,<br \/>\n20036,<br \/>\nUSA<br \/>\nP: (001202) 467-5933<br \/>\nF: (001202) 2475937<br \/>\nE:\u00a0<a href=\"mailto:washington@rte.ie\">washington@rte.ie<\/a><\/p>\n<\/div>\n\t\t<\/div><\/div><\/div><\/div><\/div>","protected":false},"excerpt":{"rendered":"<p>RT\u00c9, Donnybrook, Dublin 4 Eircode D04 H2K8 (Stage 7) | D04 FD39 (Distribution Services) P: (01) 2083111 F: (01) 2083080 E:\u00a0RT\u00c9 staff e-mails use the following formula:\u00a0firstname.surname@rte.ie\u00a0eg.\u00a0joe.bloggs@rte.ie The RT\u00c9 Information Office staff are there to answer any general questions you may have about RT\u00c9\u2019s programming and services. The office welcomes comment and feedback. If you [&hellip;]<\/p>\n","protected":false},"author":3,"featured_media":0,"parent":0,"menu_order":0,"comment_status":"closed","ping_status":"closed","template":"","meta":{"footnotes":"","_links_to":"","_links_to_target":""},"class_list":["post-4","page","type-page","status-publish"],"_links":{"self":[{"href":"https:\/\/about.rte.ie\/contact\/wp-json\/wp\/v2\/pages\/4","targetHints":{"allow":["GET"]}}],"collection":[{"href":"https:\/\/about.rte.ie\/contact\/wp-json\/wp\/v2\/pages"}],"about":[{"href":"https:\/\/about.rte.ie\/contact\/wp-json\/wp\/v2\/types\/page"}],"author":[{"embeddable":true,"href":"https:\/\/about.rte.ie\/contact\/wp-json\/wp\/v2\/users\/3"}],"replies":[{"embeddable":true,"href":"https:\/\/about.rte.ie\/contact\/wp-json\/wp\/v2\/comments?post=4"}],"version-history":[{"count":0,"href":"https:\/\/about.rte.ie\/contact\/wp-json\/wp\/v2\/pages\/4\/revisions"}],"wp:attachment":[{"href":"https:\/\/about.rte.ie\/contact\/wp-json\/wp\/v2\/media?parent=4"}],"curies":[{"name":"wp","href":"https:\/\/api.w.org\/{rel}","templated":true}]}}