{"id":10,"date":"2016-05-23T14:43:01","date_gmt":"2016-05-23T13:43:01","guid":{"rendered":"http:\/\/localhost\/irp\/?page_id=10"},"modified":"2025-11-12T14:37:13","modified_gmt":"2025-11-12T14:37:13","slug":"irp-people-team","status":"publish","type":"page","link":"https:\/\/about.rte.ie\/irp\/irp-people-team\/","title":{"rendered":"Contacts"},"content":{"rendered":"\n<p><strong>RT\u00c9 Independent Radio Productions,<\/strong><br>Radio Centre,<br>RT\u00c9,<br>Donnybrook,<br>Dublin 4.<br>T: +353 87 698 4810<br>E: <a href=\"mailto:irp@rte.ie\">irp@rte.ie<\/a><\/p>\n\n\n\n<p><strong>Aoife Cassidy<\/strong><br>Radio Commissions Administrator<br>T: +353 876984810<br>E: <a href=\"mailto:irp@rte.ie\">irp@rte.ie<\/a><\/p>\n\n\n\n<p><strong>RT\u00c9 Radio 1<\/strong><br>Tara Campbell<br>Head of Station<\/p>\n\n\n\n<p><strong>RT\u00c9 2fm<\/strong><br>Dan Healy<br>Head of Station<\/p>\n\n\n\n<p><strong>RT\u00c9 Radi\u00f3 na Gaeltachta<\/strong><br>Gear\u00f3id Mac Donncha<br>Ceannaire an St\u00e1isi\u00fan<\/p>\n\n\n\n<p><strong>RT\u00c9 Lyric fm<\/strong><br>Sin\u00e9ad Wylde<br>Head of Station<\/p>\n\n\n\n<p><strong>RT\u00c9 2XM<\/strong><br>Dan Healy<br>Head of Station<\/p>\n\n\n\n<p><strong>RT\u00c9 Junior Radio<\/strong><br>Nicky Coghlan<br>Senior Producer<\/p>\n\n\n\n<p><strong>RT\u00c9 Gold<\/strong><br>Amanda Fennelly <br>Senior Producer<\/p>\n","protected":false},"excerpt":{"rendered":"<p>RT\u00c9 Independent Radio Productions,Radio Centre,RT\u00c9,Donnybrook,Dublin 4.T: +353 87 698 4810E: irp@rte.ie Aoife CassidyRadio Commissions AdministratorT: +353 876984810E: irp@rte.ie RT\u00c9 Radio 1Tara CampbellHead of Station RT\u00c9 2fmDan HealyHead of Station RT\u00c9 Radi\u00f3 na GaeltachtaGear\u00f3id Mac DonnchaCeannaire an St\u00e1isi\u00fan RT\u00c9 Lyric fmSin\u00e9ad WyldeHead of Station RT\u00c9 2XMDan HealyHead of Station RT\u00c9 Junior RadioNicky CoghlanSenior Producer RT\u00c9 GoldAmanda [&hellip;]<\/p>\n","protected":false},"author":100007,"featured_media":0,"parent":0,"menu_order":0,"comment_status":"closed","ping_status":"closed","template":"","meta":{"footnotes":""},"class_list":["post-10","page","type-page","status-publish"],"_links":{"self":[{"href":"https:\/\/about.rte.ie\/irp\/wp-json\/wp\/v2\/pages\/10","targetHints":{"allow":["GET"]}}],"collection":[{"href":"https:\/\/about.rte.ie\/irp\/wp-json\/wp\/v2\/pages"}],"about":[{"href":"https:\/\/about.rte.ie\/irp\/wp-json\/wp\/v2\/types\/page"}],"author":[{"embeddable":true,"href":"https:\/\/about.rte.ie\/irp\/wp-json\/wp\/v2\/users\/100007"}],"replies":[{"embeddable":true,"href":"https:\/\/about.rte.ie\/irp\/wp-json\/wp\/v2\/comments?post=10"}],"version-history":[{"count":0,"href":"https:\/\/about.rte.ie\/irp\/wp-json\/wp\/v2\/pages\/10\/revisions"}],"wp:attachment":[{"href":"https:\/\/about.rte.ie\/irp\/wp-json\/wp\/v2\/media?parent=10"}],"curies":[{"name":"wp","href":"https:\/\/api.w.org\/{rel}","templated":true}]}}