{"id":327,"date":"2018-07-13T16:15:58","date_gmt":"2018-07-13T15:15:58","guid":{"rendered":"https:\/\/about.rte.ie\/commissioning\/?page_id=327"},"modified":"2018-07-13T16:15:58","modified_gmt":"2018-07-13T15:15:58","slug":"327-2","status":"publish","type":"page","link":"https:\/\/about.rte.ie\/radio\/327-2\/","title":{"rendered":"Business Procedures"},"content":{"rendered":"<p>The business procedures set out below are those operated by RT\u00c9 in respect of Programmes commissioned by RT\u00c9. These procedures are deemed most appropriate for the vast majority of RT\u00c9 commissioned programmes and are reflective of RT\u00c9&#8217;s agreements with Screen Producer&#8217;s Ireland (SPI) on Terms of Trade and also RT\u00c9&#8217;s Code of Fair Trading.<\/p>\n","protected":false},"excerpt":{"rendered":"<p>The business procedures set out below are those operated by RT\u00c9 in respect of Programmes commissioned by RT\u00c9. These procedures are deemed most appropriate for the vast majority of RT\u00c9 commissioned programmes and are reflective of RT\u00c9&#8217;s agreements with Screen Producer&#8217;s Ireland (SPI) on Terms of Trade and also RT\u00c9&#8217;s Code of Fair Trading.<\/p>\n","protected":false},"author":3,"featured_media":0,"parent":0,"menu_order":0,"comment_status":"closed","ping_status":"closed","template":"page-templates\/page-guidelines.php","meta":{"footnotes":""},"class_list":["post-327","page","type-page","status-publish"],"_links":{"self":[{"href":"https:\/\/about.rte.ie\/radio\/wp-json\/wp\/v2\/pages\/327","targetHints":{"allow":["GET"]}}],"collection":[{"href":"https:\/\/about.rte.ie\/radio\/wp-json\/wp\/v2\/pages"}],"about":[{"href":"https:\/\/about.rte.ie\/radio\/wp-json\/wp\/v2\/types\/page"}],"author":[{"embeddable":true,"href":"https:\/\/about.rte.ie\/radio\/wp-json\/wp\/v2\/users\/3"}],"replies":[{"embeddable":true,"href":"https:\/\/about.rte.ie\/radio\/wp-json\/wp\/v2\/comments?post=327"}],"version-history":[{"count":0,"href":"https:\/\/about.rte.ie\/radio\/wp-json\/wp\/v2\/pages\/327\/revisions"}],"wp:attachment":[{"href":"https:\/\/about.rte.ie\/radio\/wp-json\/wp\/v2\/media?parent=327"}],"curies":[{"name":"wp","href":"https:\/\/api.w.org\/{rel}","templated":true}]}}